?
False
Is 674799479 a composite number?
True
Is 27052983833 prime?
True
Is 2786045081 a composite number?
False
Is 31044603641 a prime number?
False
Is 8695125149 prime?
True
Is 2624574649 prime?
False
Is 58043205257 a composite number?
True
Is 30533061613 a prime number?
True
Is 17955002005 prime?
False
Is 168309833 composite?
False
Is 203257883 composite?
False
Is 8064219 composite?
True
Is 47664962777 a composite number?
False
Is 1741134697 a composite number?
True
Is 14336958017 a prime number?
True
Is 1608415469 a prime number?
False
Is 1209724963 a composite number?
True
Is 618089737 a composite number?
False
Is 600218299 prime?
False
Is 48016392191 a prime number?
True
Is 137812567 composite?
True
Is 63311242723 a prime number?
False
Is 6840884657 composite?
True
Is 117305006215 prime?
False
Is 425750501 a composite number?
True
Is 8430019099 composite?
True
Is 2294538401 a prime number?
False
Is 2080245317 composite?
False
Is 7101658021 a prime number?
True
Is 152605364437 a composite number?
False
Is 322088131 a prime number?
True
Is 28923312121 composite?
True
Is 10920409007 a composite number?
False
Is 3787427309 a prime number?
False
Is 3195017051 a composite number?
False
Is 88576584599 composite?
False
Is 10022397529 a composite number?
False
Is 11707487471 prime?
True
Is 1943631479 prime?
True
Is 2789936219 composite?
True
Is 1248312379 a composite number?
True
Is 13830643027 composite?
True
Is 2548625123 a prime number?
False
Is 2656943093 prime?
False
Is 12899276849 composite?
True
Is 4814619203 prime?
True
Is 238557131 composite?
True
Is 9761978587 prime?
True
Is 15014518069 a prime number?
True
Is 38874894577 a prime number?
False
Is 5974108429 a prime number?
True
Is 3577020137 prime?
True
Is 286400897 composite?
True
Is 658539743 a composite number?
True
Is 33894457379 composite?
True
Is 69191694977 composite?
False
Is 14900352703 a prime number?
True
Is 1583808253 prime?
False
Is 113538241691 a prime number?
False
Is 12191031519 a prime number?
False
Is 21149813639 composite?
False
Is 727677859 a prime number?
True
Is 1713457831 prime?
True
Is 25099894879 a composite number?
False
Is 3250347103 a prime number?
False
Is 36987532643 prime?
False
Is 8101191697 prime?
False
Is 502430567 composite?
False
Is 8973515623 a prime number?
False
Is 35993105339 composite?
False
Is 28727191211 composite?
True
Is 50380147883 prime?
False
Is 11196010901 a composite number?
True
Is 1170467321 a prime number?
True
Is 515521381 composite?
False
Is 13529708969 a prime number?
False
Is 93007129 prime?
True
Is 133147913 prime?
False
Is 76773937769 a prime number?
True
Is 27088425059 prime?
False
Is 104470537 composite?
False
Is 2772635605 prime?
False
Is 570211483 a composite number?
True
Is 153029867 a composite number?
False
Is 30996102617 prime?
True
Is 2326667351 prime?
True
Is 4595882579 a composite number?
False
Is 1759920977 a composite number?
True
Is 6297355241 a prime number?
False
Is 18226543807 composite?
False
Is 1320275639 prime?
True
Is 184705363 a prime number?
False
Is 1320930097 a composite number?
False
Is 65676134813 a prime number?
False
Is 934968719 composite?
True
Is 1926717019 a composite number?
False
Is 100183983 composite?
True
Is 943402487 prime?
False
Is 124967111 a prime number?
False
Is 18456044279 prime?
True
Is 36355910937 a composite number?
True
Is 6143537813 composite?
True
Is 6299629813 a composite number?
False
Is 2496438145 prime?
False
Is 1214839807 prime?
True
Is 1264560911 a prime number?
False
Is 1241423299 prime?
True
Is 4894616711 a composite number?
False
Is 76483286197 a prime number?
True
Is 3769933471 prime?
True
Is 11672114281 a prime number?
False
Is 2360634673 prime?
True
Is 178337917 composite?
True
Is 32285738951 a composite number?
True
Is 85240063213 composite?
False
Is 4949494061 a prime number?
False
Is 9698536717 a composite number?
True
Is 7086206209 prime?
True
Is 1463177141 prime?
False
Is 811624939 a composite number?
False
Is 92988780161 composite?
True
Is 410502427 a composite number?
False
Is 15800864899 a prime number?
False
Is 90256949959 prime?
False
Is 4452600379 composite?
False
Is 1942840226 a composite number?
True
Is 1654224533 a prime number?
False
Is 13435163979 a composite number?
True
Is 707725607 prime?
True
Is 921055211 prime?
True
Is 2694325201 prime?
False
Is 35477934581 composite?
False
Is 74195901551 a prime number?
True
Is 3679711339 a prime number?
False
Is 764779453 prime?
False
Is 16963381961 prime?
False
Is 2635731767 a prime number?
True
Is 26224554143 a composite number?
False
Is 9721567 a composite number?
True
Is 431147993 prime?
True
Is 20826939457 a prime number?
False
Is 4330178507 composite?
False
Is 72543136747 a composite number?
False
Is 269816801 composite?
True
Is 7721652239 composite?
True
Is 48390457153 a prime number?
False
Is 14014210107 prime?
False
Is 2028939883 composite?
True
Is 324649349 composite?
False
Is 45537087293 a prime number?
False
Is 683728174 composite?
True
Is 693615547 composite?
False
Is 48742109 a prime number?
False
Is 532432597 prime?
False
Is 224705349379 a composite number?
True
Is 321748873 composite?
False
Is 485907811 prime?
True
Is 83028349 a composite number?
True
Is 536151767 composite?
False
Is 269082739 a composite number?
False
Is 283281769 a composite number?
False
Is 16445989171 prime?
True
Is 9145985903 a composite number?
True
Is 1580585033 a composite number?
True
Is 2704263629 a composite number?
False
Is 32189795047 prime?
True
Is 1282654883 composite?
True
Is 346752919 a prime number?
True
Is 118024645 a composite number?
True
Is 98823709019 a prime number?
False
Is 1761602333 composite?
False
Is 17508918419 composite?
False
Is 2719800145 composite?
True
Is 3742597955 prime?
False
Is 911343163 a prime number?
False
Is 17555049817 a prime number?
True
Is 1138230857 a prime number?
False
Is 797859977 prime?
False
Is 3631018207 a composite number?
False
Is 8781734107 prime?
False
Is 4171381157 a composite number?
False
Is 5302013051 prime?
False
Is 2069251631 composite?
True
Is 89353509701 composite?
False
Is 3115460011 a prime number?
True
Is 10792250117 a composite number?
True
Is 11272377167 prime?
False
Is 125105463163 a composite number?
False
Is 35879563205 composite?
True
Is 1527609437 a prime number?
True
Is 350270759 composite?
False
Is 56521205921 prime?
True
Is 44985446581 a prime number?
True
Is 948727943 composite?
True
Is 207222649873 a prime number?
False
Is 72612407 a composite number?
True
Is 1417887443 a prime number?
False
Is 71537646371 a composite number?
True
Is 1477125709 composite?
True
Is 1006542111 prime?
False
Is 1865481809 composite?
True
Is 21248344553 prime?
True
Is 35214883321 a composite number?
False
Is 24348396157 prime?
False
Is 22447936803 a prime number?
False
Is 10690305865 prime?
False
Is 61439014877 composite?
True
Is 505415549 a composite number?
False
Is 8546255477 a composite number?
False
Is 5191056931 prime?
True
Is 19618589 a prime number?
True
Is 47058702727 prime?
False
Is 432997543 a prime number?
False
Is 60135847151 a composite number?
True
Is 2162122849 a composite number?
True
Is 249805082 prime?
False
Is 6089188129 a prime number?
False
Is 29946312611 composite?
True
Is 3143012497 composite?
False
Is 1090274833 composite?
False
Is 6328725037 a prime number?
True
Is 340431899 composite?
True
Is 4043441 a composite number?
True
Is 2924548283 composite?
False
Is 239145691 prime?
False
Is 5121358493 composite?
False
Is 463779131 a composite number?
False
Is 45187618207 a prime number?
False
Is 1729814063 a prime number?
True
Is 5409969941 a composite number?
False
Is 19690532339 a composite number?
False
Is 7418751919 a prime number?
True
Is 902462461 a composite number?
False
Is 282455233 a composite number?
True
Is 181382711 prime?
True
Is 93675566233 a composite number?
False
Is 1648847139 prime?
False
Is 14276512877 prime?
False
Is 3337025849 a prime number?
True
Is 1035656387 composite?
False
Is 15887376931 prime?
True
Is 527652899 composite?
False
Is 640266647 a prime number?
True
Is 1555407929 prime?
True
Is 5905776607 prime?
True
Is 1034520139 prime?
True
Is 2354989997 composite?
False
Is 3107957029 a composite number?
True
Is 741897943 a